and 30?
10
Suppose 0 = 97*u - 84*u - 5525. What is the greatest common divisor of 75 and u?
25
Suppose -212 = -3*p + 2*n, -2*n = 2*p - 124 - 34. Calculate the highest common factor of 1110 and p.
74
Suppose -2*k - 10 = -4*y + 8*y, 0 = k - 3*y - 5. Let p be (-3)/(-6)*(-1 - (-1 + 8)). Let g be 14 + k + p/4. Calculate the highest common divisor of g and 60.
12
Let k be -9 + ((-508)/(-2) - -2). What is the greatest common factor of k and 38?
19
Let j(p) be the third derivative of 0 - 10/3*p**3 + 1/6*p**4 + 0*p + 5*p**2. Let m be j(6). What is the highest common divisor of 16 and m?
4
Let o(p) = p + 2. Let y be o(8). Suppose -12*i + y*i = -256. Calculate the highest common divisor of 8 and i.
8
Suppose 0 = 40*v - 515 - 1725. Calculate the greatest common factor of v and 154.
14
Let a(m) = -3*m - 1. Suppose 8 + 2 = 2*y. Suppose -v + 22 = -5*d, d - 2 = -y*v + 4. Let s be a(d). Calculate the highest common divisor of 44 and s.
11
Suppose 8*c = 5*c - 6. Let o(s) = -26*s - 4. Let x be o(c). Suppose -4*j + 34 = -14. Calculate the greatest common factor of x and j.
12
Let v(p) = -p**2 - p + 5. Let l be v(0). Let q be ((-324)/10)/((-2)/l). What is the greatest common factor of q and 9?
9
Let t(s) = -7*s - 44. Let w be t(-7). Suppose 4*p - 2*j + 25 = w*p, -p + 2*j + 21 = 0. Calculate the greatest common divisor of 69 and p.
23
Suppose b + 19 = q - 26, -3*q + 133 = -b. Let h = 101 + -35. Calculate the greatest common divisor of h and q.
22
Let a(t) = t**3 - 8*t**2 - 4*t - 5. Let n be a(9). Suppose 3*h - n = -5*b + 41, 3*b = h + 43. Calculate the greatest common divisor of b and 45.
15
Suppose 2*v = -4*n + 426, 0 = v - 2*n - 92 - 137. What is the highest common divisor of 13 and v?
13
Let j(r) = 2*r - 4. Let w be j(6). Suppose 4*t + 20 = w*t. Suppose t*z - 8 = 7. Calculate the highest common divisor of z and 24.
3
Let p = 659 - 606. What is the highest common factor of p and 424?
53
Let h be 8/((-1)/(-2) + 0). Let u = 62 - 66. Let g(o) = o**3 + 6*o**2 + 6*o. Let p be g(u). What is the highest common divisor of p and h?
8
Suppose 2*s = s + 2. Suppose -34 = -s*l + 5*n - 2*n, 4*n + 32 = 2*l. What is the highest common factor of 30 and l?
10
Let f = -153 - -156. Suppose 4*s - 195 = t - 5, -2*t - 140 = -f*s. What is the greatest common divisor of 80 and s?
16
Let w = 1444 - 1443. What is the greatest common factor of 108 and w?
1
Let f(v) = 27*v - 1. Let g be f(1). Let h be (-4)/(-4*7) - 3250/14. Let j = -128 - h. Calculate the greatest common factor of j and g.
26
Let h = -461 - -635. What is the highest common factor of h and 6?
6
Suppose 9436 = 8*c - 7340. What is the greatest common factor of c and 9?
9
Suppose -5*c + 45 = -3*k, -c + 2*k + 7 = -2. Calculate the greatest common factor of c and 9.
9
Let p be 4*(3 - 15/6). Suppose -4*k - 20 = -f - k, p*f - 8 = -2*k. Let t be 75/(20/f + -1). What is the highest common divisor of t and 20?
10
Let p(h) = 5*h**3 + 2*h**2 - 16*h. Let f be p(4). Calculate the highest common factor of f and 256.
32
Let s(o) = -o - 5. Let i be s(-11). Calculate the highest common divisor of 6 and i.
6
Let n(d) = d**3 - 9*d**2 + 11*d - 2. Let u be n(8). Let f(a) = 14*a**2 - 62*a + 35. Let j be f(4). What is the highest common divisor of u and j?
11
Suppose 8*l + 107 = 403. Let b = 73 - l. What is the highest common divisor of 24 and b?
12
Let j be (-9175)/(-30) + 11/66. Let c(w) = 4*w + 6. Let z be c(7). What is the highest common divisor of z and j?
34
Suppose 4*a + 279 = 99. Let g = a - -79. Suppose 0 = 3*w - l - g, 6*w - 3*l - 30 = 3*w. Calculate the highest common factor of 96 and w.
12
Suppose -6*l + 8 - 2 = 0. Suppose -4 = -2*q, -20 = -a - 4*a - 5*q. Let h be (2/(0 - -1))/a. What is the greatest common factor of h and l?
1
Let t = 2485 + -2445. What is the highest common factor of t and 160?
40
Let n = -4 - 0. Let r = -6 - n. Let k be 3444/48 + r/(-8). Calculate the greatest common factor of k and 24.
24
Let v(o) = 10*o + 5. Let t = 20 - 17. Suppose r = 5*r + f - 35, -7 = -2*r + t*f. Let p be v(r). Calculate the highest common factor of p and 17.
17
Let q(a) = -6*a - 10. Let z be q(-8). Calculate the highest common factor of z and 8.
2
Let t(k) = -20*k - 28. Let q be t(-2). Suppose -c + 36 = 2*c. What is the highest common factor of c and q?
12
Let x be -6*(-2 - (-4 - -4)). Suppose -10 - x = -4*t + 2*d, 0 = 5*t + 3*d - 33. Suppose 0 = -4*v + t*v - 28. What is the greatest common factor of 112 and v?
14
Let f = -992 - -1156. What is the highest common factor of 369 and f?
41
Let t(k) = 9*k + 65. Let u be t(-7). Calculate the greatest common factor of u and 106.
2
Let d be 122/12 - (-5)/(-30). Suppose -5*s - 430 = -d*s. Suppose 0 = 5*x - 5*o - 130, -5*o + s = 7*x - 3*x. Calculate the highest common factor of x and 216.
24
Suppose 2*x - 6 = -4*h + 136, -2*x + 5*h = -106. Suppose 0 = 3*a - 167 + 113. Calculate the highest common factor of x and a.
9
Let j(t) = t**3 + 12*t**2 + 27*t + 20. Let f be j(-9). Let a(d) = -4*d**3 - 6*d**2 + d + 4. Let o be a(-4). Calculate the greatest common factor of o and f.
20
Suppose 2*r = -0*a + 2*a - 356, -a = r - 180. Let s = a - 47. Calculate the highest common divisor of s and 24.
12
Let j be ((-10)/(-5) - -9) + -3. Let x be 3/((6/(-3))/(j/(-3))). Calculate the highest common factor of 1 and x.
1
Suppose 0 = 2*v - l - 2*l - 223, -l - 5 = 0. Calculate the greatest common divisor of 65 and v.
13
Suppose -15 = -3*d, -4*f - 4*d + 317 = -3*d. What is the highest common divisor of f and 24?
6
Let s(u) = u**3 - 3*u**2 + u + 2. Let k be s(2). Let j = 366 - 362. Let x = j + k. Calculate the highest common factor of x and 4.
4
Suppose 2*l - 8*b - 1562 = -4*b, 4*l + 5*b - 3124 = 0. Calculate the highest common factor of l and 11.
11
Let h be (1 + -2)*-1*2. Suppose 6 = 4*v + h*k + 48, 12 = 4*k. Let w be (-450)/v*(-22)/(-3). Calculate the greatest common divisor of 25 and w.
25
Suppose 47*t - 64 = 124. What is the greatest common factor of 116 and t?
4
Suppose -v = 3*u - 32, -u - 3*v - 2*v + 34 = 0. Calculate the highest common divisor of 144 and u.
9
Let c be 1 + (-76)/(-4) - 2. What is the highest common divisor of c and 306?
18
Let h be 0 + (-1 - 1 - -17). Let o(y) be the third derivative of y**5/60 + 7*y**4/24 + 2*y**2. Let d be o(-10). What is the highest common factor of d and h?
15
Let m(h) = h**3 - 10*h**2 + 24*h + 8. Let l be m(6). What is the greatest common factor of l and 248?
8
Let w(s) be the second derivative of -s**4/12 + 4*s**3/3 + 11*s**2/2 + 16*s. Let d be w(9). Calculate the greatest common factor of 3 and d.
1
Let w(y) be the third derivative of -y**5/60 - 17*y**4/24 - 14*y**3/3 - 30*y**2. Let s be w(-12). What is the greatest common factor of s and 56?
8
Let u(i) = 9*i + 24. Let l be u(9). Let v = l - 24. Suppose -2*m = -7*m + 135. Calculate the greatest common divisor of m and v.
27
Let r = -91 - -83. Let j be (-35)/(-70) - (-2)/(r/(-550)). What is the highest common divisor of 23 and j?
23
Let q be ((-1653)/(-145))/((-1)/(-10)). What is the highest common factor of q and 18?
6
Suppose 5*y - 3*y = 4*v + 138, -y + 59 = 3*v. Suppose 0*j - 15 = -3*j. What is the highest common factor of j and y?
5
Suppose 22 = 2*y - 2*b - b, 2*y = -5*b - 10. Let g(z) = -z**3 + 5*z**2 + 5*z - 7. Let r be g(y). Calculate the greatest common divisor of r and 162.
18
Let y = 3340 + -3330. Suppose o + 3 = 93. Calculate the greatest common divisor of o and y.
10
Let r be (4/(-6))/(1/(-3)). Suppose 83*b = 89*b - 12. Suppose 2*v = -r*h + 12, -b*v + 8 = -2*h + 4. What is the highest common divisor of h and 8?
2
Let g(m) = -5*m + 4*m - m**2 - 3*m - 4 - 6*m. Let r be g(-9). What is the highest common factor of r and 20?
5
Suppose -2*t = -o - 4*o - 11, -5*o - 47 = -4*t. Let d = -11 + 13. What is the highest common divisor of t and d?
2
Suppose -3*b + 1459 = -b + m, -2*b - 4*m = -1462. What is the highest common factor of 9 and b?
9
Suppose 3*y - 60 - 93 = -3*g, g - y = 53. Let x = g + -37. Suppose x = 3*p - 6. Calculate the greatest common divisor of 7 and p.
7
Let m(z) = -5*z. Suppose 0 = -3*p - 4*u + 52, 3*p + 3*u + 15 = 66. Let y be (-164)/p - (-1)/4. Let x be m(y). What is the greatest common factor of 10 and x?
10
Let p = 2669 + -2526. What is the greatest common factor of 13 and p?
13
Let s = 24 + -8. Let g be 1